 v(t).
13
Let m(b) be the third derivative of -b**7/2520 + b**6/144 + b**5/30 - 5*b**4/8 - 19*b**2. Let g(t) be the second derivative of m(t). Calculate g(7).
-10
Suppose -2*w = -2*o + 12, -2*o - 2*w = 3*o - 2. Let g(n) = 5 + o*n - 2*n**2 + 0*n + 2 - 5. Suppose q = 21 - 19. Calculate g(q).
-2
Let v(z) be the second derivative of z**4/12 + z**3/2 + 394*z. Suppose -1 = -d - 3. Calculate v(d).
-2
Suppose -3*h - 2*j = 4, -1 = -h - 4*j - 9. Let a(v) be the third derivative of -v**4/24 + v**3/3 + v**2. Determine a(h).
2
Let v(i) = -i**2 - 5*i + 7. Let r = -8 + 10. Suppose 4*t + r*k = 4*k - 14, 0 = 3*k + 15. What is v(t)?
1
Let j(h) = h**3 + 6*h**2 + 4*h - 2. Let l(m) = m**3 - 4*m**2 + 5*m - 4. Let t be l(3). Suppose -4*a - a = -3*u - 40, 0 = 2*u + t*a. Calculate j(u).
3
Let t be 2*(5 + (-51)/6). Let l(n) = n - 4. Give l(t).
-11
Let d(q) = -q**3 - q**2 - q - 1. Let s(g) = 23*g**3 + 8*g**2 + 10*g + 9. Let p(c) = -8*d(c) - s(c). What is p(-1)?
16
Let d(v) = -3*v. Suppose 0 = i - 3*i + 72. Suppose j + 3 = 2*j. Let c be j/(i/8)*3. Determine d(c).
-6
Let h = -1158 - -1161. Let w(g) = g**3 - 4*g**2 - g + 4. What is w(h)?
-8
Let k(i) = -3*i. Let l be k(-1). Let b(o) = -9 - l + 0 + 11 - o. Let x = -2 + 1. Give b(x).
0
Let j(y) = -29 + 12*y - 30 + 112 - 22 - 27. What is j(1)?
16
Suppose 172 = -10*v + 122. Let j(m) be the first derivative of -m**4/4 - 5*m**3/3 - m**2/2 - 3*m - 1. Calculate j(v).
2
Suppose 0 = 17*y - 113 + 79. Let z(t) = 8*t - 16. Give z(y).
0
Suppose 2*s + 13 + 23 = 0. Suppose -14*f + 19*f = -85. Let b = s - f. Let d(r) = -6*r**3 + r**2 - 1. Give d(b).
6
Let k(j) be the first derivative of -8*j**2 - 4*j - 854. Calculate k(3).
-52
Let k = -56 + 49. Let t(f) = -9*f**2 - 9*f - 11. Let x(c) = 5*c**2 + 4*c + 6. Let v(d) = k*x(d) - 4*t(d). Determine v(-6).
-10
Let m(k) = 4*k - 3. Let n(j) = 4 - 2 + 2*j + 0 + j**2 - 6*j. Let a be n(4). Let b be m(a). Let y(l) = l**3 - 4*l**2 - 4*l. Give y(b).
5
Let m(k) = -3. Let b(c) = -c - 22. Let l(i) = b(i) - 4*m(i). Suppose 3*r + 15 = 5*j, -5*r = -2*r. Let x = j - 3. Determine l(x).
-10
Let p(d) = -127*d + 61*d + 8 + 1 + 64*d. Calculate p(9).
-9
Suppose -2*i + 283 = 289. Let z(j) = j**3 + 2*j**2 - 2*j + 1. Give z(i).
-2
Let m(c) = c**3 + 14*c**2 - 15*c. Let l be m(-15). Let k(o) be the second derivative of o**3/6 + 5*o**2 - 18*o + 2. Determine k(l).
10
Suppose -4*h = 9 - 29. Let x(k) = k**2 - 3*k - 9. Let o be x(h). Let r(n) = 1 + 3*n**3 - n**2 - n - 2*n**2 + 2*n**2. What is r(o)?
2
Let d(c) = -5*c**2 + 7*c + 11. Let u(j) = j**2 - 3*j + 13. Let i be u(0). Let q(x) = 11*x**2 - 14*x - 23. Let f(w) = i*d(w) + 6*q(w). Give f(-6).
-1
Let p(o) = 2*o + 7. Let q be p(0). Let v = q - 3. Let z(n) = -n**3 + 4*n**2 - 3*n + 4. What is z(v)?
-8
Let w(f) = f**3 + 8*f**2 - f - 1. Let z be w(-8). Let m(r) = 5*r**2 + 3*r**2 - 4*r**2 - z*r + 4*r. Give m(2).
10
Let v(a) = -10*a**3. Let k be v(1). Let d be 192/30 + -6 - 6/k. Let i(c) = 8*c. Give i(d).
8
Suppose -2*o = 2*o. Let y(x) = -1 + 9*x - 2 + o + x**2 - 7*x. Determine y(-4).
5
Let n(t) = -t**2 - 11*t + 4. Let m(f) = -f**2 - 11*f + 3. Let i(d) = -3*m(d) + 4*n(d). Give i(-11).
7
Let i(f) be the first derivative of -2*f**2 - f - 33. Let u(v) = 17*v + 3. Let k(z) = -26*i(z) - 6*u(z). Calculate k(-6).
-4
Let a = 208 - 198. Let m(i) = -2*i**2 + 20*i - 4. What is m(a)?
-4
Let n = -45 - -45. Suppose 6*k - 27 - 15 = n. Let p(o) = -o**2 + 7*o + 1. Give p(k).
1
Let f(g) = -g**3 - 7*g**2 + 6*g - 6. Let c(y) = -y**3 - 6*y**2 + 5*y - 5. Let d(o) = 4*c(o) - 3*f(o). Calculate d(-4).
6
Let i be 260/15 - 1/3. Suppose 2*l + i = 5*v, 1 = -2*v + 3*v + 2*l. Let r(a) = v + a - 10 - 5 - a**2. Calculate r(0).
-12
Let v(y) = -2*y**3 + 2*y**2 + 0*y**2 - 4*y + y - 6*y**2. Suppose 5*w - 24 = w + 4*o, w - 2*o = 6. Suppose 2*x + w = -x. Calculate v(x).
6
Let r(z) = -3*z**2 - 15*z - 22. Let x(n) = 2*n**2 + 7*n + 10. Let m(b) = 3*r(b) + 5*x(b). Calculate m(12).
8
Let u be -2 + 4/(-40)*-4*-5. Let r(t) = -t**2 - 5*t - 3. Let j be r(u). Let q(x) = -4*x. Determine q(j).
-4
Let i(a) = -7*a + 3. Let k(b) = 30*b - 12. Let t(g) = -9*i(g) - 2*k(g). Let p(s) = s - 3. Let f be p(5). Calculate t(f).
3
Let x(w) = -3. Let b(q) = -q - 5. Let v(u) = 5*b(u) - 8*x(u). What is v(-2)?
9
Let s(h) be the first derivative of h**4/8 - h**2/2 + 4*h - 5. Let b(t) be the first derivative of s(t). Let f(n) be the first derivative of b(n). What is f(1)?
3
Let l(r) = -r**3 + 9*r**2 - 8*r - 2. Suppose -2*o + 0*j + 21 = -j, 3 = o + j. Calculate l(o).
-2
Let p(c) = c**2 - 3*c - 16. Let f be ((-42)/(-12))/(2/4). Calculate p(f).
12
Let r(h) = h**3 + 19*h**2 + 2. Let u(o) = -16*o - 35. Let q be u(-1). Give r(q).
2
Suppose 0 = 18*j - 14*j. Let n(d) = -d - 13. Calculate n(j).
-13
Let b = 21 - 13. Let m(c) = c**3 - 8*c**2 + 3*c - 18. Let f be m(b). Let z(o) = -2*o + 5. Determine z(f).
-7
Let v(h) be the second derivative of -5*h**4/4 - h**3/6 - 90*h - 3. Give v(1).
-16
Suppose 8*i + 19 - 3 = 0. Let w be -2 - (-3 + i) - (10 - 12). Let l(c) = 3*c - 3. Calculate l(w).
12
Suppose 2*q = 3*b + 24, 3*q = b + 6*q + 8. Let c(s) = s**2 + 6*s - 7. Determine c(b).
9
Suppose 5*f - 2*v - 18 = 0, -5*f - 5*v = -f + 12. Let u(i) = 3*i**2 + i**2 - 1 - 2*i**f - 2 - 8*i. Calculate u(6).
21
Let h(p) = -2*p + 17. Let c(t) = t - 8. Let n(z) = -13*c(z) - 6*h(z). Let w be (-2)/(-7) - (-800)/140. What is n(w)?
-4
Suppose 2*n + 180 = 32*n. Let f(t) = 4*t - 11. Give f(n).
13
Suppose 64 = -2*r + 6*r. Suppose -4*m + 5*y + r = -2, 0 = -3*y - 6. Let i(g) = -3*g + 3 - g - 15982*g**3 - 3*g**2 + 15983*g**3. Determine i(m).
-9
Suppose 4*c + 8 = -2*p, 2*p - 4*p = -4*c - 24. Suppose -6 + 0 = -3*n. Suppose 8 = n*s - 2*r, 0*r - p = r. Let f(t) = t**3 - t + 10. What is f(s)?
10
Let s(x) be the first derivative of x**2 + 12*x + 160. Calculate s(-10).
-8
Let f = -47 + 103. Let i be 26/7 - (-16)/f. Let r(o) = -o**3 + 3*o**2 + 4*o - 1. What is r(i)?
-1
Let z = -9 + 6. Let o(v) = -v**3 + v**2 - v. Let s(c) = 7*c**3 - 3*c**2 + 8*c. Let j(m) = -6*o(m) - s(m). Give j(z).
6
Let u be (2 - (-28)/(-12))*-96. Let i = u - 38. Let k(z) = -2*z - 6. Determine k(i).
6
Suppose 0 = 8*a + 58 - 42. Let w(g) = 10*g**2 + 3*g + 1. Give w(a).
35
Let x(h) = -h + 12. Let o = 980 + -975. Give x(o).
7
Let j be (-88)/(-2*2) + -1. Let p(f) = 9 + f + 4 - j. Let b be p(7). Let w(c) = 6*c**3. Determine w(b).
-6
Let q(t) = 55*t + 253*t**3 - 54*t - 258*t**3. What is q(1)?
-4
Let c(x) = -2*x**2 - 7*x - 4. Let r(a) = 5*a**2 + 14*a + 11. Let b(y) = 7*c(y) + 3*r(y). Let d be 5*1 - (1 - 1). Give b(d).
-5
Let c(q) be the first derivative of q**2 + 10*q + 1. Let n(b) = -b**2 - 95*b + 1159. Let z be n(11). What is c(z)?
-4
Let l = -721 + 718. Let c(u) = -u**2 - 7*u - 13. Give c(l).
-1
Let p(t) be the first derivative of -5*t**4/4 - t**2 - t - 110. Determine p(-1).
6
Let m(b) = 42 + 2*b - 52 - 2. Determine m(10).
8
Let k = -54 + 55. Let u be k/(-2) + (-30)/(-12) + 5. Let c(v) = v - 6. What is c(u)?
1
Let g(c) = -4*c + 3 + c + 14*c + 87*c**2 - 86*c**2. Determine g(-8).
-21
Let l(d) = -7*d**2 + 5*d + 5. Let v(s) = 3*s**2 - 2*s - 2. Let h(g) = 2*l(g) + 5*v(g). Let x(r) = 4 + 3*r + r**2 - 6 - 9 + 9*r. Let y be x(-13). Give h(y).
4
Let a(y) = -4 - 1 - 3 + 49*y - 52*y. Give a(6).
-26
Let p(o) = o**2 - 5*o + 4. Suppose 0 = 2*b - 3*y + 2*y + 3, -5*b - 3*y + 20 = 0. Suppose -2*f = -f - h - b, -h - 4 = -2*f. Suppose -8 + f = -d. Calculate p(d).
4
Suppose x = 5*x - 260. Suppose 2*k - x = -53. Let h(g) = -3 - 3*g + g + g. Calculate h(k).
-9
Let n be (-12)/66 - (-126)/(-33). Let m(r) = 2*r**2 + 6*r + 1. Determine m(n).
9
Suppose -16*q = 49*q - 455. Let p(k) = k**3 - 8*k**2 + 6*k + 4. What is p(q)?
-3
Let p(i) = -6*i - 18. Let y be p(-4). Let u(f) = -3 + 3*f - y + 12. Let d = 5 + -9. Calculate u(d).
-9
Let m(r) = r**3 + r**2 + 1. Let c(w) be the second derivative of 3*w**5/10 + w**4/3 + 3*w**2 + 13*w. Let a(x) = -c(x) + 5*m(x). Calculate a(2).
-5
Let o(y) = -2*y - 5. Let w(d) be the third derivative of 0*d + 1/120*d**6 - 2/3*d**3 + 1/30*d**5 - 1/8*d**4 + 0 - 4*d**2. Let u be w(-3). What is o(u)?
3
Let p(f) be the first derivative of 2/3*f**3 + 1/4*f**4 - 15 - f**2 - 3*f. Calculate p(-3).
-6
Let j be 1*12 - (-5 + 5). Let w = -12 + j. Suppose w = 3*g - 24 + 3. Let h(b) = -b**3 + 7*b**2 - b + 7. What is h(g)?
0
Let r(w) = -w**3 - 2*w**2 - w + 1